 common divisor of q and 11168?
32
Suppose 5*q - 3*o = 345, -11*o + 15 = -8*o. Let u(s) = s**2 + 48. Let t be u(0). What is the highest common divisor of t and q?
24
Let h(f) = f**3 - 2*f**2 - 9*f + 25. Let k be h(3). Suppose -4*r - 56 = 28. Let g be (30/r)/(k/(-49)). What is the greatest common factor of g and 90?
10
Let h be -8 + (-390)/(-6 + 1). Suppose 104 = z + c - 4*c, 2*z - 5*c = 206. Calculate the highest common divisor of z and h.
14
Let q = 103 + 331. Suppose 0 = -15*c + 269*c + 751 - 4307. What is the highest common divisor of c and q?
14
Let y be ((-1224)/(-32))/(((-1)/(-72))/((-12)/(-18))). What is the highest common factor of 81 and y?
27
Suppose 0*m + 50*m - 700 = 0. Let q(h) = h**2 - 3*h - 114. Let y be q(m). Calculate the highest common factor of y and 180.
20
Let z be (-28)/6*-3 - 2. Suppose -1685*i - 5*l = -1682*i - 48, -5*i - 3*l = -32. What is the highest common factor of z and i?
1
Suppose -4*x = -3*c - 2*x - 434, 4*c = -4*x - 612. Let d be c/333 - (-74)/(-36)*-8. What is the highest common divisor of 4 and d?
4
Let x(k) = -3*k**2 - 228*k + 485. Let q be x(-78). Calculate the greatest common divisor of q and 23.
1
Let x(b) = b**2 - 9*b - 80. Let c(o) = -o**3 + 11*o**2 - 14*o + 56. Let j be c(10). Let l be x(j). What is the greatest common factor of 272 and l?
16
Let m be (-1)/(596/(-54) + 11). What is the highest common factor of 135 and m?
27
Suppose -6 = -3*d + 2*d. Let v be 49/2 - 2/(8/d). Suppose -v*w + 21*w = -6. Calculate the highest common factor of 12 and w.
3
Let o(v) = 3*v + 118. Let x be o(-14). Let a = -4 + 12. What is the highest common divisor of a and x?
4
Let p be -4 + (16 - 6) + (5 - 0). Let z = -13 + 16. Suppose 5*f - z*k - 283 = 221, 3*k - 189 = -2*f. Calculate the highest common divisor of f and p.
11
Let a = 15701 - 15687. Calculate the greatest common factor of a and 108.
2
Let l be (2 - (-66)/(-18))*-117. What is the greatest common factor of 208 and l?
13
Suppose -242 = -4*r - 5*j - 32, 0 = j - 2. What is the highest common factor of r and 3175?
25
Suppose 6*j + 68*j - 444 = 0. Calculate the greatest common factor of j and 26.
2
Suppose -20*s = -41*s + 1605 + 1755. Calculate the highest common factor of s and 60.
20
Suppose 2*v + g - 311 = 0, 3*g - 20 = -v + 143. Calculate the highest common divisor of 330 and v.
22
Suppose -160*t + 15 = -163*t, -f + 209 = -4*t. Calculate the greatest common factor of f and 3348.
27
Let h = -467 + 592. Calculate the greatest common factor of h and 15.
5
Let p = -2150 - -2381. What is the highest common divisor of 105 and p?
21
Suppose 440*k - 464 = -5*y + 441*k, 0 = -y + 3*k + 90. Calculate the greatest common divisor of 16213 and y.
31
Let t(u) = -15*u + 29. Let v be t(10). Let h = 146 + v. What is the highest common divisor of h and 325?
25
Let m(n) = 2*n**3 - 31*n**2 + 70*n + 11. Let d be m(17). What is the highest common factor of d and 220?
44
Let t(j) be the first derivative of j**3 + 11*j**2/2 + 17*j + 191. Let y be t(-6). What is the highest common divisor of y and 1?
1
Let c(i) = 3*i + 40. Let p(g) = -6*g - 79. Let z(h) = 5*c(h) + 2*p(h). Let j be z(21). What is the highest common divisor of j and 15?
15
Suppose -5*c = 4*n - 20, -5*n + 20 = -5*c - 5. Suppose 16*a - 85 - 107 = c. Suppose 44 + 28 = 3*x. Calculate the highest common factor of x and a.
12
Let j be 2/16*-4*(-8406)/(-3). Let a = -821 - j. Calculate the highest common divisor of 20 and a.
20
Let z(g) = g**3 + 10*g**2 + 2*g + 36. Let a be z(-7). Let j = a + -159. Let y be 68 - 3*(-4)/6. What is the highest common divisor of j and y?
10
Let i(a) = 28*a**2 + 13*a - 118. Let t be i(15). Calculate the greatest common factor of 14 and t.
7
Let t = -8223 - -8233. Let g(r) = -r**3 + 8*r**2 + 5*r + 6. Let d = 11 + -4. Let f be g(d). Calculate the highest common factor of f and t.
10
Let a be ((-2)/4)/(10/(-60)). Let x(b) = -3*b**3 + b**2 + 5*b - 6*b - 2*b**3 + 1 + a*b. Let k be x(-1). What is the greatest common divisor of 50 and k?
5
Let b(y) = 3*y**2 - 8. Let r be b(-6). Let v = -33902 + 33927. Calculate the greatest common divisor of r and v.
25
Suppose y = -4*r + 2218, 20*y = 17*y + r + 6589. Calculate the greatest common factor of 126 and y.
14
Suppose -813 = 7*i + 2078. Let a = i - -501. Suppose -3*n - 3 = -27. What is the greatest common factor of a and n?
8
Let u = 428 - 307. Let n be ((-44)/(u/(-11)))/(2/14). Calculate the highest common factor of 336 and n.
28
Suppose -18 = -5*f + 2. Suppose y + 4*y - 865 = -5*k, 3*y - f*k = 484. Let i = 652 + -628. What is the greatest common divisor of y and i?
24
Suppose 7*k + 475 = 8*k + o, 4*o - 948 = -2*k. Calculate the greatest common divisor of 1020 and k.
68
Suppose 0 = -3036*m + 1520*m + 1510*m + 864. Calculate the highest common divisor of m and 150.
6
Let s(m) = 270*m**2 + 26*m + 95. Let l be s(-5). Let b be (-3)/(-27) - l/(-153). Calculate the greatest common factor of 4 and b.
4
Suppose 6*n - 9*n + 5*l - 2063 = 0, l + 2766 = -4*n. Let w = -643 - n. What is the greatest common factor of w and 72?
24
Let x be 15*4487*(1352/(-280) - -5). What is the highest common factor of x and 18?
18
Let n = -23480 + 23498. Suppose 4 = -j + 3*j. What is the greatest common factor of n and j?
2
Let h = -71 + 69. Let m be 17/(102/(-40))*33/h. Calculate the greatest common factor of m and 44.
22
Let c be -7 - (-5 - (30 - 1)). Let m = 84 - -267. What is the highest common factor of c and m?
27
Suppose 3*n - 2*o + 173 = -264, -n - 4*o = 169. Let g = -123 - n. Suppose -w - 9 = -4*w, 2*c = w + 1. Calculate the greatest common factor of g and c.
2
Let h(q) = 111*q - 24. Let n be h(2). Let y(l) = l - 1. Let o be y(5). Suppose k - 38 = -4*z, 0 = k - o*z - 6. Calculate the highest common divisor of k and n.
22
Let w = -53 + 54. Let t be (2 + 10)/(-4) - (-2)/w. Let u be -3 + -4 + (-34)/t. What is the highest common factor of 54 and u?
27
Suppose 2194*m - 42772 = 2120*m. Calculate the greatest common factor of 51 and m.
17
Suppose 5*f + 54 = -36. Let n be (-6052)/f + ((-32)/(-18) - 2). What is the highest common factor of n and 48?
48
Let c(r) = -10*r + 3*r + 3 + 14*r**2 - 16 - 23. Let q be c(5). Calculate the greatest common factor of 31 and q.
31
Let a be (-1 - 1)*(-2)/12 - (-6 + (-1740)/45). Let x = 648 + -459. What is the highest common factor of x and a?
9
Suppose 103884 = 104*y - 1156. Calculate the highest common divisor of y and 50.
10
Let w(y) = 356*y - 341. Let p be w(1). What is the highest common factor of p and 480?
15
Let c(y) = y**3 + 10*y**2 + 9*y + 42. Let v be c(-9). What is the greatest common factor of v and 5838?
42
Let a be (-1)/(2/6)*500/6. Let j = a - -550. What is the greatest common factor of 24 and j?
12
Let r = -20 + 20. Suppose r = 5*w - 31 - 19. Let v be (w/(-4))/(3/(-6)). Calculate the highest common factor of 25 and v.
5
Let r(a) = -2*a**2 + 62*a + 20. Let b be r(30). Calculate the highest common factor of b and 430.
10
Let u = 1050 + -1280. Let s = u - -328. Calculate the greatest common divisor of 1078 and s.
98
Suppose 4*d - l - 12 = 0, -3*d + 0*l - l + 16 = 0. Suppose 17*m = d*m + 624. What is the greatest common divisor of 6 and m?
6
Let p(t) = -2*t**3 - 12*t**2 + 48*t + 53. Let v be p(-9). Calculate the greatest common factor of 11663 and v.
107
Suppose -389 = -2*n - 5*t, 4*n - 4*t - 437 = 383. What is the greatest common divisor of n and 2525?
101
Let r(u) = -2*u**2 - 22*u - 2. Let s be r(-10). Suppose -4*m + v + 40 = -62, 4*v + s = m. Calculate the highest common factor of m and 208.
26
Let s(z) = 4*z**2 + 17*z + 38. Let k be s(-4). Let l(h) = 8*h**2 - 2*h - 4. Let p be l(7). What is the highest common divisor of k and p?
34
Let w be 40/(-15)*(-6)/(-4). Let i be (-9)/(-3 + (-9)/w). Let c be (-3)/(-9) + 20/i. Calculate the highest common divisor of 2 and c.
2
Let t = 290 - 282. Suppose -t*p + 13*p - 330 = -5*h, h - 60 = 5*p. Calculate the greatest common divisor of 520 and h.
65
Suppose 0*h - 5*h + 2*d + 190 = 0, -4*d - 76 = -2*h. Suppose 0 = -h*p + 32*p + 1200. Calculate the greatest common factor of p and 50.
50
Suppose 0*q = 4*q - 5*c - 106, -4*q = 5*c - 126. What is the highest common divisor of 4727 and q?
29
Suppose 0 = 9*h - 12*h - z + 115, 2*z + 130 = 3*h. Calculate the greatest common factor of h and 2980.
20
Let o(r) = -r**3